 + 18*f + 11. Let u(a) = -13*b(a) + 6*p(a). What is u(t)?
-5
Let j(u) = 4 + 0 - 5 + 2 - 2*u. Suppose k - 23 = -5*q, 5*q - k = 3*k + 8. What is j(q)?
-7
Suppose 23*f + 7 + 39 = 0. Let k(n) = 3*n**2 + 3*n + 3. Give k(f).
9
Let t be ((-252)/144)/((-1)/(-4)). Let d(m) = m**3 + 5*m**2 - 14*m + 7. Calculate d(t).
7
Suppose 4*x + 84 = -10*x. Let h(g) = g**2 + 5*g - 12. Give h(x).
-6
Suppose 2*a = -3*n + 5*a - 36, 2*a + 67 = -5*n. Let b be (-2)/(-4) + n/2. Let u(z) = -3 - 8*z - 4 - 2*z**2 + 4*z**2 - 3*z**2. Give u(b).
5
Let n(p) = 25*p + 58. Let x(u) = 15*u + 38. Let w(j) = -5*n(j) + 8*x(j). Calculate w(3).
-1
Let p(f) be the second derivative of -f**6/120 - f**5/15 + f**4/3 + 7*f**3/6 + 9*f**2 - 14*f. Let w(q) be the first derivative of p(q). Calculate w(-5).
-8
Let o(q) be the third derivative of 0 + 5/6*q**3 + 1/120*q**5 + 3*q**2 + 1/24*q**4 + 0*q. Let n(j) be the first derivative of o(j). Calculate n(1).
2
Suppose -2*r + 10 + 2 = 0. Suppose 5*w - z + 5*z - 6 = 0, -2*w = 4*z. Let y(x) = 9*x - 8 - x**3 + 0*x - 7*x + 6*x**w. What is y(r)?
4
Let o(h) = -4*h**2 + 136*h + 6. Let q be o(34). Let z(v) = v**2 - 4*v - 8. Determine z(q).
4
Let x = 221 + -226. Let a(h) = h**2 + 7*h + 12. What is a(x)?
2
Let x(l) = -4 + 7 + 5*l - 5*l + 2*l. Suppose -3*z = -6*z - 4*c + 11, -2*c + 4 = 2*z. Give x(z).
-3
Let n(k) = -3*k**2 + 5*k + 4. Let x(r) = -r**2. Let z(c) = -n(c) + 2*x(c). Let m = -24 + 21. Let q(i) = 2*i**2 + 5*i + 3. Let p be q(m). What is z(p)?
2
Let c be (1/3)/(5/45). Let f(x) = 7*x - c*x + 5 - x. What is f(-5)?
-10
Let q(f) = -f**2 - 5*f + 5. Let l(n) = -2*n**2 + 2*n. Let x be l(2). Let k = 306 - 316. Let j be k*(2/x)/(-1). Calculate q(j).
5
Suppose -99 - 167 = 14*z. Let m(r) = 3*r + 60. What is m(z)?
3
Let b(r) be the third derivative of r**5/20 - 7*r**4/24 + 2*r**3/3 - 79*r**2. Calculate b(4).
24
Let i(m) be the second derivative of m**2 + 1/6*m**3 - 20*m + 0. Determine i(-2).
0
Let t(c) = c**2 + 10*c + 12. Let q be t(-9). Suppose 5*r = q*r + 8. Let w(k) = 2*k + 1. Determine w(r).
9
Suppose 0*a + 4*a - 5*s - 8 = 0, 10 = 5*a + s. Let r be a - 1 - (6 - 7). Suppose -5*h - 2*n = -31, -r*h + 3*n + 2 = 1. Let d(x) = x. Give d(h).
5
Let t be ((-2)/(-4))/((-1)/90). Let a = 27 + t. Let z be 66/a + (-2)/6. Let n(p) = p**3 + 4*p**2 - 2*p + 2. Determine n(z).
10
Let j(t) = -4*t**3 + 2*t**2 - 5*t - 9. Let c(k) = k**3 - k**2 - k + 2. Let w(h) = 5*c(h) + j(h). Calculate w(5).
1
Let h(j) = 4*j - 11. Let y(b) = b - 1. Let l(i) = h(i) - 3*y(i). Let o(k) = k**3 - k**2 + k - 1. Let n be o(2). What is l(n)?
-3
Let u(n) = -20*n**3 + 6*n**2 - 8*n - 5. Let y(a) = -39*a**3 + 11*a**2 - 14*a - 9. Let x(k) = 7*u(k) - 4*y(k). Calculate x(1).
15
Let t(o) = -5*o**2 + 2*o + 1. Let l = 470 + -468. Give t(l).
-15
Let z be (-4)/16 + 29/4. Let p = 9 - z. Suppose -p*j = 3 - 1. Let q(d) = 6*d**2 - d - 1. Determine q(j).
6
Let m(o) = -4*o + 4. Let a(t) = -2*t**3 + 2*t**2 + 3*t + 2. Let s be a(-1). Suppose 2*f = s*f + 5, 3*k + 4*f + 11 = 0. What is m(k)?
-8
Let n(m) be the third derivative of -m**4/24 - m**3/2 - m**2. Let b = -337 + 330. Calculate n(b).
4
Let o(t) = -5*t**2 + 3*t - 4. Let q(i) = i + 5. Let y be q(-8). Let l be (-2)/4*2*-1. Let w(c) = -c**2 + c - 1. Let s(r) = l*o(r) + y*w(r). Determine s(2).
-9
Let m(c) = -2*c + 3*c + 117 - 15*c + 12*c - 4*c. Determine m(19).
3
Let b(g) = 7955 - 3*g + 0*g - 7964 + g**2. Give b(6).
9
Let u(y) be the first derivative of 11*y**2/2 - 16*y - 298. Determine u(2).
6
Suppose 5*h = 3*m - 52, 4*m + 4*h - 7 = m. Suppose -2*i + m = 3. Suppose -4*l = i*v - 7*v - 12, 3*l + 9 = 0. Let o(w) = w**3 + 7*w**2 + 5*w - 4. Determine o(v).
2
Suppose a - 4 = -3*a. Let f(n) = 264*n - 132*n - 131*n + n**2. Give f(a).
2
Let k be -4*1 - (1 + -1). Let x(n) = n**2 + 7*n + 6. Let p(g) = -2*g**2 - 15*g - 12. Suppose 5 = u + 12. Let s(w) = u*x(w) - 3*p(w). What is s(k)?
-6
Let v(s) = -2*s + 1. Let p = -25 + 25. Suppose p = -z - 0 + 6. Determine v(z).
-11
Let g(r) be the third derivative of 0*r - 11*r**2 + 0 - 1/6*r**3 + 1/24*r**4 - 2/15*r**5. Determine g(1).
-8
Let y(l) = -3*l**3 - l**2. Let i(p) = p**3 - 5*p**2 - 2*p + 1. Let u be i(6). Let k be u/3 - (-2)/(-6). Let m = k - 7. What is y(m)?
-4
Let r(f) be the third derivative of f**6/120 - f**5/20 - f**4/24 + f**3/3 - 3*f**2 - 17*f. Give r(2).
-4
Suppose 3*v - 2*r + 9 = -2, -2*r + 1 = -v. Let i(d) = -91*d + d**2 + 98*d + 0*d**2 + 3. Determine i(v).
-7
Suppose -w - 5 = -3. Let m(y) = -7*y + 2. What is m(w)?
16
Let o(q) = 3*q**2 + 3*q. Suppose -22*b = -18*b - 20. Suppose b*r = -11 + 1. Give o(r).
6
Suppose 7*f - 2*f = 20. Let n(y) = -2*y + 3*y + 2*y + 4 - f*y. Determine n(3).
1
Let a be (-3)/(-2 + (-1)/(-1)). Suppose -3*v = 4*t - 9, 0*t + a*t - 4*v = -12. Let y(w) be the first derivative of w**2/2 + 3*w + 7. Determine y(t).
3
Let i(p) be the first derivative of -p**4/4 + 4*p**3/3 + p**2 + p + 332. Determine i(5).
-14
Let a(f) = -f**2 - 12*f - 18. Let v = 222 - 230. Determine a(v).
14
Let i = -32 + 13. Let n = i + 21. Suppose -n*s = 3 - 13. Let g(h) = h**3 - 4*h**2 - 4*h - 3. Determine g(s).
2
Let r(v) = v**3 + v**2 - v + 1. Let u(w) = 4*w**3 + 5*w**2 - 8*w. Let n(q) = 3*r(q) - u(q). Let p(f) = -2*f**2 + 114*f + 485. Let i be p(61). Determine n(i).
-3
Let y(o) = 4*o**3 + 2*o**2 - 2*o - 8. Let l(s) = -5*s**3 - s**2 + 2*s + 9. Let w(t) = 3*l(t) + 4*y(t). What is w(-5)?
5
Let i(b) = -b**2 - 6*b - 6. Let f be i(-5). Let m be (-2)/1 - (-1 - (f + 0)). Let t(k) = -k - 1. Give t(m).
1
Let r(m) = -m**2 - 6*m + 9. Let t(f) = -72*f + 208. Let p be t(3). What is r(p)?
-7
Let l be ((-16)/(-48))/(2/12). Suppose 2*a = 3*t, -3*a - 2*a = -l*t. Let k(n) = n**3 + n**2 + n - 9. Calculate k(a).
-9
Let m(k) = -2*k + 9. Let l be m(6). Let f be l - ((1 - 1) + 4). Let o(z) = -z**3 - 7*z**2 + z + 7. Determine o(f).
0
Let r(w) = -4*w**2 + 5*w + 4. Let s(v) = 13*v**2 - 16*v - 12. Let o(p) = -7*r(p) - 2*s(p). Let t be o(3). Let q(i) = 2*i - 7. What is q(t)?
3
Suppose 0 = 3*n - 1 - 71. Let k = 29 - n. Let y(w) = w**2 - 5*w - 5. Give y(k).
-5
Suppose -17*z + 119 + 34 = 0. Let t(s) = s**3 - 10*s**2 + 6*s + 1. Give t(z).
-26
Let w(a) = -a**3 + 3*a**2 + 2*a - 2. Let c be w(3). Let d(v) = v**2 - 3*v + 1. Let l be d(4). Let g(o) = 0*o**2 + 5*o**2 - 3*o**2 + l - o**2 - 6*o. Give g(c).
-3
Suppose 3 = -3*b + 2*q - 2, -2*b + 4 = -5*q. Let v be (-4)/(-8)*(-6)/b. Let r(u) = -8*u. Calculate r(v).
-8
Let s(m) = -m**2 + 3*m + 4. Suppose 4*g + 2 = -10. Let h be (51/68)/(g/(-20)). What is s(h)?
-6
Let h(w) be the second derivative of w**3/3 + 2*w**2 + 6*w - 14. What is h(6)?
16
Suppose -9 = 2*d + 1. Let n(a) be the third derivative of -a**5/10 + 7*a**4/24 - a**3/6 + a**2 - 1. Let w(j) = -j. Let o(s) = d*w(s) - n(s). Calculate o(1).
5
Let l(w) = 4*w - 6*w**2 + 3*w**2 - 5 - 7*w**2 + w**3 + 16*w**2. Suppose 2*u + 10 = 7*u. Suppose -2*s - u*s - 5*h - 40 = 0, 5*s - h = -21. What is l(s)?
0
Let v be (0*1/3)/2. Let j(f) be the second derivative of 0 + 5*f - 1/6*f**3 - 11/2*f**2. What is j(v)?
-11
Let l = -350 - -348. Let r(t) = t**2 - t - 2. Calculate r(l).
4
Suppose -7*t = -11*t + 4*z + 32, -5*z = 4*t - 41. Let i(c) = c**2 - 10*c + 10. What is i(t)?
1
Let m(j) = -j**2 + 9*j - 13. Let d be m(6). Suppose -b + 3*r = b + 6, -20 = -d*r. Let g(x) = -3 - 32*x + 21*x + 3*x**2 + 14*x + 1 - x**3. What is g(b)?
7
Let v(s) = 5*s**2 + 11*s + 8. Let g(f) be the third derivative of f**5/60 + f**4/24 - 19*f**2. Let x(i) = -6*g(i) + v(i). What is x(7)?
-6
Let f(k) = 2*k - 22. Let h be f(5). Let m be (45/h + 3)*4. Let j(d) = d**2 + 2*d + 2. Determine j(m).
5
Let i(x) = x**3 + 6*x**2 - x - 5. Let r = 19 - 15. Suppose 0 = 2*d + 10, -4*y + 2*y + 8 = -r*d. What is i(y)?
1
Let k(o) = 7 - 3 + 0 + 26*o**2 - 25*o**2 - 6*o. Calculate k(4).
-4
Suppose 13 = -d - 5*o, 3*d + 5*o - 15 = -2*d. Suppose d*u + 9 = 4*u. Let h(j) = -3*j + 8. Let w(y) = -8*y + 23. Let a(x) = -11*h(x) + 4*w(x). Determine a(u).
1
Let d(h) = 0*h + 0*h**2 - 2 + 6*h**2 - h**3 - 3*h. Let y = -1008 - -1013. Determine d(y).
8
Let g(v) = 19*v - 9. Let c be g(1). Let w(u) = 11 + u + 8*u - c*u. Determine w(5).
6
Let k(j) = 4*j**2 - 2*j + 1. Suppose -4*t - 26 - 42 = 4*m, 0 = -2*m - 4*t - 44. Let p be (8/m)/(2/18). Let u be -3 - (-6)/(-9)*p. Give k(u).
3
Let c(b) = 5*b - 5*b + b - 4. Calculate c(2).
-2
Let k(w) = -w**2 + 10. Let f = 17 - 1